e
Is 5 a factor of 2526?
False
Is 6 a factor of 14434?
False
Is 5781303 a multiple of 126?
False
Does 205 divide 26437?
False
Is 1224176 a multiple of 16?
True
Is 329 a factor of 26978?
True
Does 278 divide 461788?
False
Is 16943837 a multiple of 16?
False
Is 665 a factor of 6812260?
True
Is 3 a factor of 313198?
False
Is 60 a factor of 878429?
False
Is 11895 a multiple of 57?
False
Does 12 divide 477338?
False
Does 1185 divide 6399492?
False
Is 129390 a multiple of 19?
True
Is 16 a factor of 196176?
True
Does 13 divide 1504100?
True
Is 18 a factor of 10147867?
False
Is 77 a factor of 1499806?
True
Is 2406564 a multiple of 36?
True
Does 37 divide 1268249?
True
Does 319 divide 27953711?
False
Is 34 a factor of 194346?
False
Is 27 a factor of 94230?
True
Does 10 divide 14666?
False
Is 453 a factor of 1256717?
False
Does 45 divide 103491?
False
Does 10 divide 6682?
False
Is 618240 a multiple of 672?
True
Is 554607 a multiple of 2?
False
Is 21318264 a multiple of 2178?
True
Does 4 divide 492?
True
Does 31 divide 14260?
True
Does 100 divide 11281610?
False
Is 4 a factor of 317736?
True
Does 133 divide 654626?
True
Is 16 a factor of 278730?
False
Is 7573 a multiple of 103?
False
Does 51 divide 1366711?
False
Does 54 divide 678078?
True
Does 29 divide 3919363?
False
Does 12 divide 1117785?
False
Is 19 a factor of 1590642?
True
Does 56 divide 613648?
True
Is 354 a factor of 9288178?
False
Does 14 divide 401872?
False
Is 9 a factor of 132610?
False
Does 5 divide 308370?
True
Does 38 divide 574056?
False
Is 243 a factor of 43011?
True
Does 379 divide 888630?
False
Is 28122 a multiple of 6?
True
Is 896644 a multiple of 217?
True
Does 103 divide 2348786?
False
Does 1238 divide 7591854?
False
Is 154190 a multiple of 543?
False
Is 387190 a multiple of 130?
False
Is 40344 a multiple of 82?
True
Is 810596 a multiple of 766?
False
Is 38115 a multiple of 23?
False
Is 97571 a multiple of 13?
False
Does 112 divide 40656?
True
Is 297316 a multiple of 478?
True
Does 38 divide 1413955?
False
Is 468280 a multiple of 29?
False
Is 518 a factor of 175084?
True
Is 729124 a multiple of 6?
False
Does 73 divide 55407?
True
Is 4 a factor of 101972?
True
Does 44 divide 506352?
True
Does 158 divide 2149208?
False
Does 346 divide 77850?
True
Is 106169 a multiple of 203?
True
Does 7 divide 3560019?
False
Does 540 divide 1526580?
True
Is 261261 a multiple of 276?
False
Is 4 a factor of 202307?
False
Is 68520 a multiple of 10?
True
Is 42 a factor of 2958732?
True
Is 46 a factor of 4200674?
True
Does 373 divide 75719?
True
Does 341 divide 374464?
False
Is 74148 a multiple of 222?
True
Does 92 divide 12236?
True
Is 358 a factor of 103180?
False
Is 5 a factor of 15636760?
True
Is 117 a factor of 1082484?
True
Is 8 a factor of 2089?
False
Does 435 divide 459815?
False
Is 378 a factor of 90724?
False
Does 49 divide 542381?
True
Does 170 divide 4737238?
False
Is 27 a factor of 51543?
True
Does 316 divide 44459?
False
Is 375772 a multiple of 228?
False
Is 57 a factor of 2010377?
False
Does 27 divide 106191?
True
Is 69650 a multiple of 4?
False
Is 415584 a multiple of 111?
True
Is 342 a factor of 5973159?
False
Does 109 divide 14806015?
True
Is 646758 a multiple of 126?
True
Is 167 a factor of 5235951?
True
Does 67 divide 163912?
False
Is 165 a factor of 1589940?
True
Does 21 divide 840?
True
Is 17 a factor of 2494869?
True
Is 169 a factor of 194654?
False
Is 753 a factor of 885820?
False
Does 12 divide 307051?
False
Does 153 divide 1100529?
True
Does 28 divide 717696?
True
Is 24 a factor of 475224?
True
Does 12 divide 28056?
True
Is 354676 a multiple of 28?
True
Is 1572688 a multiple of 71?
False
Does 15 divide 802201?
False
Does 10 divide 552113?
False
Is 221 a factor of 742202?
False
Is 131176 a multiple of 19?
True
Does 124 divide 5589052?
True
Does 26 divide 1837160?
True
Is 46544 a multiple of 27?
False
Is 20598 a multiple of 4?
False
Is 11509 a multiple of 35?
False
Does 46 divide 79534?
True
Is 260 a factor of 702000?
True
Is 661342 a multiple of 253?
True
Is 48 a factor of 24576?
True
Is 27496 a multiple of 17?
False
Is 629 a factor of 9848882?
True
Does 5 divide 430082?
False
Does 4 divide 19701?
False
Is 185 a factor of 4763565?
True
Does 72 divide 10986713?
False
Is 638984 a multiple of 185?
False
Is 352026 a multiple of 231?
False
Is 186732 a multiple of 39?
True
Is 9663168 a multiple of 91?
False
Is 21909846 a multiple of 161?
True
Is 2336296 a multiple of 9?
False
Is 18 a factor of 343332?
True
Is 584390 a multiple of 75?
False
Does 43 divide 179568?
True
Is 3616560 a multiple of 60?
True
Does 38 divide 66196?
True
Is 74 a factor of 244596?
False
Does 868 divide 948724?
True
Is 741806 a multiple of 13?
True
Does 398 divide 71937?
False
Does 8 divide 54906?
False
Is 60 a factor of 597900?
True
Is 4397436 a multiple of 9?
True
Is 7 a factor of 31269?
True
Does 10 divide 4868?
False
Is 317250 a multiple of 50?
True
Is 25438 a multiple of 7?
True
Is 223 a factor of 160114?
True
Is 6 a factor of 757549?
False
Is 6 a factor of 1079739?
False
Is 28888 a multiple of 157?
True
Is 94164 a multiple of 19?
True
Is 168 a factor of 58521?
False
Is 1860 a multiple of 15?
True
Does 27 divide 7144200?
True
Is 13437942 a multiple of 31?
True
Is 270 a factor of 104868?
False
Does 102 divide 104142?
True
Does 504 divide 3842915?
False
Is 29 a factor of 685727?
False
Is 134400 a multiple of 656?
False
Does 135 divide 19291048?
False
Is 5 a factor of 25573?
False
Is 15 a factor of 169805?
False
Does 11 divide 4289010?
True
Is 18 a factor of 516817?
False
Is 5 a factor of 359348?
False
Does 10 divide 354530?
True
Is 16 a factor of 2855519?
False
Is 82950 a multiple of 52?
False
Is 775 a factor of 5532613?
False
Is 263996 a multiple of 458?
False
Does 18 divide 331119?
False
Is 3004218 a multiple of 213?
False
Does 247 divide 333198?
False
Does 164 divide 117140?
False
Is 10094390 a multiple of 10?
True
Is 8 a factor of 578760?
True
Does 12 divide 115767?
False
Does 244 divide 667115?
False
Does 12 divide 9271440?
True
Is 18 a factor of 1903726?
False
Does 73 divide 165155?
False
Is 252 a factor of 160056?
False
Is 1003075 a multiple of 219?
False
Does 9 divide 120303?
True
Does 4 divide 176355?
False
Is 3759470 a multiple of 2629?
True
Does 86 divide 110424?
True
Is 1202280 a multiple of 20?
True
Is 95 a factor of 888937?
False
Is 1529360 a multiple of 27?
False
Is 383054 a multiple of 44?
False
Is 34 a factor of 13931670?
True
Is 15102098 a multiple of 71?
False
Does 267 divide 119349?
True
Is 6155 a multiple of 5?
True
Is 1167 a factor of 2828808?
True
Is 1190409 a multiple of 732?
False
Is 102534 a multiple of 6?
True
Does 16 divide 1637792?
True
Is 621 a factor of 149040?
True
Does 11 divide 2850023?
True
Is 4768820 a multiple of 35?
True
Is 45 a factor of 5319630?
True
Is 103568 a multiple of 2?
True
Is 64 a factor of 961472?
True
Does 25 divide 38400?
True
Does 1002 divide 11767488?
True
Does 114 divide 84017?
False
Is 547808 a multiple of 16?
True
Is 251 a factor of 900243?
False
Does 114 divide 242478?
True
Does 32 divide 62080?
True
Does 993 divide 2103966?
False
Does 10 divide 135886?
False
Is 3611503 a multiple of 127?
False
Does 122 divide 826916?
True
Is 22722 a multiple of 9?
False
Does 133 divide 3237366?
False
Does 2 divide 21963?
False
Does 3 divide 4225204?
False
Is 3328501 a multiple of 43?
True
Is 22 a factor of 1392024?
False
Is 37 a factor of 4563654?
True
Does 3 divide 970931?
False
Is 1453329 a multiple of 27?
True
Is 188732 a multiple of 34?
False
Is 273240 a multiple of 12?
True
Is 502 a factor of 527100?
True
Is 10 a factor of 15597662?
False
Does 51 divide 525504?
True
Is 1049802 a multiple of 129?
True
Is 275 a factor of 1188550?
True
Is 14 a factor of 3198868?
False
Is 160965 a multiple of 365?
True
Is 113 a factor of 147494?
False
Is 7 a factor of 2448201?
True
Is 2353550 a multiple of 206?
True
Does 79 divide 103130?
False
Is 3172737 a multiple of 64?
False
Is 216790 a multiple of 163?
True
Is 264 a factor of 184864?
False
Is 75 a factor of 147216?
False
Does 35 divide 170679?
False
Is 10 a factor of 430010?
True
Does 12 divide 145524?
True
Is 7135616 a multiple of 1712?
True
Is 294 a factor of 1208928?
True
Does 96 divide 52992?
True
Is 5 a factor of 554975?
